{"id":24022,"date":"2024-08-28T13:16:30","date_gmt":"2024-08-28T18:16:30","guid":{"rendered":"https:\/\/hosbuk.com\/web\/?page_id=24022"},"modified":"2024-08-29T10:29:15","modified_gmt":"2024-08-29T15:29:15","slug":"seminarios","status":"publish","type":"page","link":"https:\/\/hosbuk.com\/web\/seminarios\/","title":{"rendered":"Seminarios"},"content":{"rendered":"\t\t<div data-elementor-type=\"wp-page\" data-elementor-id=\"24022\" class=\"elementor elementor-24022\">\n\t\t\t\t\t\t<section class=\"elementor-section elementor-top-section elementor-element elementor-element-82a44ae elementor-section-boxed elementor-section-height-default elementor-section-height-default\" data-id=\"82a44ae\" data-element_type=\"section\" data-e-type=\"section\">\n\t\t\t\t\t\t<div class=\"elementor-container elementor-column-gap-default\">\n\t\t\t\t\t<div class=\"elementor-column elementor-col-100 elementor-top-column elementor-element elementor-element-824cf3e\" data-id=\"824cf3e\" data-element_type=\"column\" data-e-type=\"column\">\n\t\t\t<div class=\"elementor-widget-wrap elementor-element-populated\">\n\t\t\t\t\t\t<div class=\"elementor-element elementor-element-0441892 thim-ekits-avatar-position-top elementor-widget elementor-widget-thim-ekits-list-course\" data-id=\"0441892\" data-element_type=\"widget\" data-e-type=\"widget\" data-settings=\"{&quot;column_gap&quot;:{&quot;unit&quot;:&quot;px&quot;,&quot;size&quot;:30,&quot;sizes&quot;:[]},&quot;column_gap_widescreen&quot;:{&quot;unit&quot;:&quot;px&quot;,&quot;size&quot;:&quot;&quot;,&quot;sizes&quot;:[]},&quot;column_gap_tablet&quot;:{&quot;unit&quot;:&quot;px&quot;,&quot;size&quot;:&quot;&quot;,&quot;sizes&quot;:[]},&quot;column_gap_mobile&quot;:{&quot;unit&quot;:&quot;px&quot;,&quot;size&quot;:&quot;&quot;,&quot;sizes&quot;:[]}}\" data-widget_type=\"thim-ekits-list-course.default\">\n\t\t\t\t<div class=\"elementor-widget-container\">\n\t\t\t\t\t\t\t\t\t<div class=\"thim-ekits-course learn-press-courses\" data-layout=\"grid\">\n\t\t\t\t\t<div class=\"thim-ekits-course__inner\">\n\t\t\t\t\t\t\t\t<div class=\"thim-ekits-course__item post-24108 lp_course type-lp_course status-publish has-post-thumbnail hentry course_category-seminarios course\">\n\t\t\t\n\t\t\t\t\t\t<div class=\"thim-ekits-course__thumbnail\">\n\t\t\t<a href=\"https:\/\/hosbuk.com\/web\/curso\/x\/\" \t\t\t   class=\"course-thumbnail\">\n\t\t\t\t<img fetchpriority=\"high\" decoding=\"async\" width=\"300\" height=\"207\" src=\"https:\/\/hosbuk.com\/web\/wp-content\/uploads\/2024\/08\/istockphoto-157562818-612x612-1-300x207.jpg\" class=\"attachment-medium size-medium wp-image-24116\" alt=\"\" srcset=\"https:\/\/hosbuk.com\/web\/wp-content\/uploads\/2024\/08\/istockphoto-157562818-612x612-1-300x207.jpg 300w, https:\/\/hosbuk.com\/web\/wp-content\/uploads\/2024\/08\/istockphoto-157562818-612x612-1-18x12.jpg 18w, https:\/\/hosbuk.com\/web\/wp-content\/uploads\/2024\/08\/istockphoto-157562818-612x612-1-600x415.jpg 600w, https:\/\/hosbuk.com\/web\/wp-content\/uploads\/2024\/08\/istockphoto-157562818-612x612-1.jpg 612w\" sizes=\"(max-width: 300px) 100vw, 300px\" \/>\t\t\t<\/a>\n\t\t\t\t\t<a class=\"thim-ekits-course__read-more\"\n\t\t   href=\"https:\/\/hosbuk.com\/web\/curso\/x\/\" >\n\t\t\tRead More\t\t<\/a>\n\t\t\t\t<\/div>\n\t\t\n\t\t\t\t\t\t<div class=\"thim-ekits-course__content\">\n\t\t\t\t<h4 class=\"thim-ekits-course__title\">\n\t\t<a href=\"https:\/\/hosbuk.com\/web\/curso\/x\/\" ><span class='course-title'>Seminario sobre Armonizaci\u00f3n de Espacios y Fluidez Energ\u00e9tica en Tu Vida Buenas Pr\u00e1cticas en el Hogar<\/span><\/a>\t\t<\/h4>\n\t\t\t\t\t\t\t<div class=\"thim-ekits-course__price\">\n\t\t\t<div class=\"inner_price\"><span class=\"course-item-price\"> <span class=\"price\">&#036;10.00<\/span> <\/span><\/div>\t\t\t<\/div>\n\t\t\t\t\t\t<div\n\t\t\tclass=\"thim-ekits-course__meta elementor-repeater-item-b71b776 m-psi-start\">\n\t\t\t\t\t<span class=\"thim-ekits-course__duration\">\n\t\t\t<span class=\"course-duration\">10 semana<\/span>\t\t<\/span>\n\t\t\t\t<span class=\"thim-ekits-course__level\">\n\t\t\t<span class=\"course-level\">Todos los niveles<\/span>\t\t<\/span>\n\t\t\t\t<\/div>\n\t\t\t\t<div class=\"thim-ekits-course__excerpt\">\n\t\t\tEste seminario corto tiene\u00a0 el objetivo de alcanzar con sus conocimientos a cualquier persona de cualquier g\u00e9nero que desee aprender a realizar tareas del hogar...\t\t<\/div>\n\t\t\t\t<a class=\"thim-ekits-course__read-more\"\n\t\t   href=\"https:\/\/hosbuk.com\/web\/curso\/x\/\" >\n\t\t\tM\u00e1s informaci\u00f3n<i aria-hidden=\"true\" class=\"fas fa-arrow-alt-circle-right\"><\/i>\t\t<\/a>\n\t\t\t\t<\/div>\n\t\t\n\t\t\t\n\t\t<\/div>\n\t\t\t\t\t\t\t<\/div>\n\t\t\t\t<\/div>\n\t\t\t\t\t\t\t\t<\/div>\n\t\t\t\t<\/div>\n\t\t\t\t\t<\/div>\n\t\t<\/div>\n\t\t\t\t\t<\/div>\n\t\t<\/section>\n\t\t\t\t<\/div>\n\t\t","protected":false},"excerpt":{"rendered":"<p>Read More x Gratuito 10 Weeks Todos los niveles M\u00e1s informaci\u00f3n<\/p>\n","protected":false},"author":58,"featured_media":23614,"parent":0,"menu_order":0,"comment_status":"closed","ping_status":"closed","template":"","meta":{"_bbp_topic_count":0,"_bbp_reply_count":0,"_bbp_total_topic_count":0,"_bbp_total_reply_count":0,"_bbp_voice_count":0,"_bbp_anonymous_reply_count":0,"_bbp_topic_count_hidden":0,"_bbp_reply_count_hidden":0,"_bbp_forum_subforum_count":0,"footnotes":""},"class_list":["post-24022","page","type-page","status-publish","has-post-thumbnail","hentry"],"_links":{"self":[{"href":"https:\/\/hosbuk.com\/web\/wp-json\/wp\/v2\/pages\/24022","targetHints":{"allow":["GET"]}}],"collection":[{"href":"https:\/\/hosbuk.com\/web\/wp-json\/wp\/v2\/pages"}],"about":[{"href":"https:\/\/hosbuk.com\/web\/wp-json\/wp\/v2\/types\/page"}],"author":[{"embeddable":true,"href":"https:\/\/hosbuk.com\/web\/wp-json\/wp\/v2\/users\/58"}],"replies":[{"embeddable":true,"href":"https:\/\/hosbuk.com\/web\/wp-json\/wp\/v2\/comments?post=24022"}],"version-history":[{"count":58,"href":"https:\/\/hosbuk.com\/web\/wp-json\/wp\/v2\/pages\/24022\/revisions"}],"predecessor-version":[{"id":24114,"href":"https:\/\/hosbuk.com\/web\/wp-json\/wp\/v2\/pages\/24022\/revisions\/24114"}],"wp:featuredmedia":[{"embeddable":true,"href":"https:\/\/hosbuk.com\/web\/wp-json\/wp\/v2\/media\/23614"}],"wp:attachment":[{"href":"https:\/\/hosbuk.com\/web\/wp-json\/wp\/v2\/media?parent=24022"}],"curies":[{"name":"wp","href":"https:\/\/api.w.org\/{rel}","templated":true}]}}